is the greatest common factor of i and 12?
12
Suppose h = 14 - 4. Let f(l) = -l + 6. Let d be f(5). What is the greatest common factor of d and h?
1
Suppose -x = -4*r, -r - 28 = 5*x - 7. Let m be (1/(-2))/(2/x). Let p(q) = 16*q**3 - q**2 + 1. Let d be p(m). What is the greatest common factor of d and 8?
8
Suppose -3*z = -0*g + 4*g - 68, 4*z - 76 = 2*g. Let l be z + 2 + 1 + -1. What is the greatest common divisor of 22 and l?
22
Suppose 3*u + 4*p = 1146, 375 = u + 9*p - 10*p. Calculate the greatest common divisor of u and 54.
54
Let t be 1*(-1 + 0) - -5. Let a(x) be the second derivative of x**3/3 - 6*x. Let m be a(2). Calculate the highest common divisor of t and m.
4
Suppose -3 = 3*g - 27. What is the greatest common divisor of 20 and g?
4
Let k = -141 + 197. Let v = -14 - -28. Calculate the highest common divisor of v and k.
14
Suppose 3*w + 524 = 4*h + 6*w, 138 = h - w. Suppose k + 0*s - h = -2*s, -3*s = 2*k - 271. Calculate the highest common factor of 20 and k.
20
Let m be (-10)/(-1) - 0/(-1). Let l = 8 + -3. Let x(v) = -v**3 + 4*v**2 + 6*v - 4. Let k be x(l). Calculate the greatest common divisor of k and m.
1
Let r = -2 - -15. Let y(i) = -i**3 + 5*i**2 + 2*i - 4. Let w be y(5). Let b = w + 7. What is the greatest common divisor of r and b?
13
Let f(m) = 33*m**3 + 0 + 2 - 13*m**3. Let d be f(2). Calculate the highest common divisor of 18 and d.
18
Let v be ((-6)/(-4))/((-3)/8). Let x(i) = -2*i**3 - 3*i**2. Let y be x(v). Calculate the highest common factor of 8 and y.
8
Let j be 70/3*(-18)/15. Let x be j*(-1 - 0) - 0. Calculate the highest common factor of x and 112.
28
Let y = -76 - -121. Let u = 10 + -5. Suppose 10 = 3*p - u*b, 3*p - 13 = -0*p + 2*b. What is the highest common divisor of p and y?
5
Let c(r) = 9*r + 19. Let f be c(15). Suppose -2 - 12 = -i. Calculate the highest common divisor of i and f.
14
Let m(a) = a**3 - 6*a**2 + 4*a - 13. Let o be m(6). What is the highest common divisor of 22 and o?
11
Let u be (10*1)/(1 - 0). Let h = -3 - 27. Let o be h/((-3)/(1 - -2)). Calculate the highest common factor of u and o.
10
Let d be (-2)/(-3 - 21/(-6)). Let l(k) = -2*k - 6. Let x be l(d). Suppose x*a - 4 = -0, -58 = -5*p + a. What is the greatest common factor of 12 and p?
12
Let u = -17 + 26. Let h be -14*(-4)/(24/u). Suppose -2*l = -5*x - h, 5*l + x - 45 = 6*x. What is the greatest common divisor of l and 16?
8
Suppose -33 = -2*y + 4*k + 49, 0 = -y - k + 29. What is the highest common factor of y and 165?
33
Suppose 3*j = -0*j + 21. Calculate the highest common factor of j and 7.
7
Let j(o) = o**2 - 9*o + 1. Let m be j(9). Let r be 0 + (6/m - 1). What is the highest common factor of 5 and r?
5
Let q = -60 - -71. Let u(z) = -z - 4. Let y(f) = -f**3 + 10*f**2 - 10*f + 4. Let k be y(9). Let l be u(k). Calculate the greatest common factor of l and q.
1
Let l(o) = o + 10. Let z be l(-8). Suppose 0 = -3*b + 3 + 6. Suppose b = j, -j - 8 + z = -3*a. Calculate the greatest common factor of 33 and a.
3
Let x = -5 + 26. What is the greatest common factor of 3 and x?
3
Suppose x - 265 = 3*l, 2*l - 253 = 5*l + 2*x. Let g = -60 - l. Calculate the highest common factor of 9 and g.
9
Let s(h) = 10*h**2 + 1. Let t be s(1). What is the greatest common factor of t and 1?
1
Suppose 2*y - 18 = -4. Calculate the greatest common factor of y and 21.
7
Let o be 676/10 - 6/(-15). Suppose -2*w + 200 = o. Calculate the highest common factor of w and 6.
6
Suppose -h + 26 + 30 = 0. Suppose 6*j - h = 5*j. What is the greatest common divisor of 7 and j?
7
Suppose 0 = -3*z - 4 - 2. Let r be 6*(-24)/(1*z). Suppose f = -3*y + 2*f + 56, 0 = -4*y + 3*f + 78. What is the greatest common divisor of y and r?
18
Let g be 1 + -1*(-1 + 1). Let n = 13 - g. Let z = 84 - 60. What is the highest common factor of n and z?
12
Let j = 34 - 20. Suppose -3*f + 37 + j = 0. Let s be 19 + -2 + 2 - 2. What is the highest common divisor of f and s?
17
Let d(v) = 2*v**3 - 4*v**2 - v + 7. Let l be d(3). What is the greatest common factor of l and 88?
22
Let u(h) = h**3 + 3*h**2 - 4*h + 1. Let n be u(-4). Suppose -p + 5 = -n. What is the greatest common divisor of 54 and p?
6
Let m be 0/(-2)*(0 - -1). Suppose -2*l - 8 = z, m*l = 4*l + 20. Suppose 36*u = 31*u + 50. What is the highest common factor of u and z?
2
Let u be -1 - ((-6)/3 + 0). Let l(n) = 4*n. Let p be l(u). Suppose p*g - 3*g = 14. Calculate the greatest common factor of g and 14.
14
Let r = 381 + -59. What is the greatest common factor of 14 and r?
14
Suppose 0 = 3*f - 98 + 17. Let k be 2 + (-4 + 2)/(-2). Calculate the highest common divisor of k and f.
3
Suppose 50 = 5*m - g - 3*g, 0 = -m + 5*g + 31. Calculate the greatest common factor of m and 21.
3
Suppose 0 = 2*k + 3*s - 45, s - 2*s = -3*k + 40. What is the highest common factor of 3 and k?
3
Suppose -w = 4, 25 = 4*x - 4*w - 3. Suppose x*s = s. Let b(t) = t**3 + t**2 - t + 120. Let j be b(s). Calculate the greatest common divisor of j and 15.
15
Let p be (1 + 73)/2*5 + -3. Calculate the highest common factor of 26 and p.
26
Suppose -5*w + 313 = -2*h, -h + 0*h = -1. What is the highest common factor of w and 7?
7
Suppose h + 13 = -5*r, -4*h + 3*r + 33 = -30. What is the greatest common divisor of 96 and h?
12
Let k be (26/6)/((-3)/(-90)). What is the highest common factor of k and 26?
26
Suppose 2*y - 104 = 4*w, y - 2*w = -4*y + 252. Let r(k) = k**3 + 5*k**2 + 2*k - 2. Let x be r(-3). Calculate the highest common factor of x and y.
10
Let y = -2 + 5. Let q = 53 + -16. Suppose 3*o = q + 35. Calculate the greatest common divisor of o and y.
3
Let k = -28 - -39. Let r(g) = g**2 - 5*g - 2. Let i be r(8). Calculate the greatest common divisor of k and i.
11
Let o(y) = y + 1. Let w be o(1). Calculate the greatest common divisor of 1 and w.
1
Let q(p) = 4*p - 6. Let a be q(5). Calculate the highest common divisor of a and 21.
7
Suppose v + 12 = 26. What is the greatest common divisor of 98 and v?
14
Suppose 3 - 12 = -3*h. What is the greatest common factor of h and 3?
3
Let d(w) = -w + 12. Let k be d(7). Calculate the highest common divisor of k and 20.
5
Let q(w) = w**3 + 10*w**2 - 13*w - 6. Let x be q(-11). What is the greatest common factor of 4 and x?
4
Suppose 0 = -9*m + 7*m + 120. Calculate the greatest common factor of m and 15.
15
Let g = 0 + 1. Suppose -5*k + 16 = -4*p - 0, -3*p = -4*k + 13. Calculate the greatest common divisor of g and p.
1
Suppose 0*b = b - 4*a - 34, 3*a = 2*b - 83. What is the greatest common factor of 69 and b?
23
Let d be -2 + -1 - -3 - -189. Calculate the highest common divisor of d and 21.
21
Let x = -18 + 42. Suppose m - x = -2*m. Suppose -4*r = 0, 0*l + 4*r - 16 = -l. What is the highest common factor of m and l?
8
Suppose 5*l = -2*k + 18, -2*k + 13 + 5 = -2*l. Suppose -2*f + k = 5. Calculate the greatest common divisor of 16 and f.
2
Let n(z) = z**2 - 6*z - 4. Suppose 0 = 2*g + g + 5*y - 34, 2*g - y - 14 = 0. Let l be n(g). Calculate the highest common factor of 12 and l.
12
Let u be 4/(-14) - 260/(-28). What is the greatest common factor of u and 1?
1
Let z be (2/5)/(3/330). Let t be 5/10 - (-430)/4. Let j = t - z. Calculate the highest common factor of 16 and j.
16
Let d(x) = -4*x**3 - 2*x**2 - 3*x - 3. Let r be d(-2). Calculate the highest common factor of 135 and r.
27
Let u(b) be the second derivative of -b**5/20 - b**4/2 - b**3/6 + 2*b**2 - b. Let q = -8 + 2. Let v be u(q). Calculate the highest common divisor of 15 and v.
5
Let c(n) = -n**3 - 9*n**2 - 7*n + 11. Let w be c(-8). What is the highest common factor of 18 and w?
3
Let k(y) = -y**2 + 8*y - 1. Let t be k(5). Let r be t - (1 - (-4 - -3)). What is the highest common divisor of 48 and r?
12
Suppose 4*b - 197 - 19 = 0. Calculate the highest common divisor of b and 36.
18
Let v(j) = -13*j + 16. Let n be v(-2). Calculate the greatest common factor of 12 and n.
6
Let q be (-101 + (2 - 2))*1. Let v = 145 + q. What is the highest common divisor of v and 11?
11
Suppose 0 = -m + 4*f - 14, 4*f + 14 = -5*m + 40. Suppose -t + 363 = m*t. Let j = 13 - 2. Calculate the greatest common factor of t and j.
11
Let o(h) be the second derivative of -h**5/20 + 7*h**4/12 - 2*h**3/3 - 7*h**2/2 - 2*h. Let p be o(5). What is the greatest common factor of 69 and p?
23
Suppose -4*w + 407 = 83. Suppose -